base 12, what is 4 - 39?
-35
In base 15, what is -3 - 37e?
-382
In base 10, what is -3 + -278?
-281
In base 9, what is 1 + 586?
587
In base 15, what is -1 - 30?
-31
In base 7, what is -2 - -223?
221
In base 12, what is -104 - 11?
-115
In base 6, what is 35 + -35?
0
In base 4, what is -1303 + -2313?
-10222
In base 2, what is 1111001 + 111000?
10110001
In base 11, what is 22 - 4a?
-28
In base 10, what is 5 - -128?
133
In base 3, what is -1101 + -220?
-2021
In base 11, what is -19a - 74?
-263
In base 12, what is -385 - 0?
-385
In base 6, what is 4 + -23235?
-23231
In base 12, what is -4 + -12b?
-133
In base 13, what is -21 + 5?
-19
In base 6, what is -45 + 31?
-14
In base 11, what is -12 - -904?
8a2
In base 15, what is -4cd + 2?
-4cb
In base 12, what is 38 - -38?
74
In base 11, what is 3 - 5a?
-57
In base 12, what is 1 - 10b8?
-10b7
In base 11, what is -71 - 6?
-77
In base 4, what is 0 + -30?
-30
In base 16, what is -4 + ef?
eb
In base 13, what is 1 - -415?
416
In base 4, what is -30 - 12?
-102
In base 11, what is -6a + -2?
-71
In base 11, what is 4 - 57?
-53
In base 4, what is -310 + 3?
-301
In base 5, what is 1342 - 4?
1333
In base 8, what is -3 - 212?
-215
In base 11, what is -1781 + 3?
-1779
In base 3, what is -100 + 221?
121
In base 4, what is 2 - -1020?
1022
In base 6, what is -54 - 24?
-122
In base 4, what is -10122 - 0?
-10122
In base 7, what is 13 - -5?
21
In base 13, what is 50 + 66?
b6
In base 7, what is -225 + -5?
-233
In base 14, what is -6 + d7?
d1
In base 14, what is -29 - -20?
-9
In base 2, what is 1100001 - -10010?
1110011
In base 5, what is -402 + -14?
-421
In base 11, what is 3a + 262?
2a1
In base 2, what is -11111001 + -1?
-11111010
In base 7, what is -4654 + -5?
-4662
In base 6, what is 1 + -230?
-225
In base 4, what is 2 - 303?
-301
In base 14, what is 934 + 1?
935
In base 15, what is -5c + 4?
-58
In base 5, what is 44 + 1?
100
In base 6, what is 0 + 314?
314
In base 8, what is 3 - 1436?
-1433
In base 8, what is 2046 + -10?
2036
In base 9, what is -121 - 12?
-133
In base 15, what is 304 - 3?
301
In base 8, what is 13 + -51?
-36
In base 9, what is 4 + -71?
-66
In base 12, what is 407a - 1?
4079
In base 13, what is -4 + 3?
-1
In base 16, what is 5 - 87?
-82
In base 9, what is -1 + 2460?
2458
In base 16, what is -78 + 2?
-76
In base 8, what is -2 - 2153?
-2155
In base 15, what is -4 - -9c?
98
In base 13, what is 7 + 435?
43c
In base 15, what is -8d98 + -5?
-8d9d
In base 16, what is 1b + 29?
44
In base 14, what is c3 + 7?
ca
In base 6, what is -202 - 125?
-331
In base 2, what is -10100 - 101100?
-1000000
In base 3, what is -20122211 - -11?
-20122200
In base 7, what is 2 - -204?
206
In base 14, what is d - -3?
12
In base 11, what is 9 + -6?
3
In base 10, what is 4 - -28?
32
In base 7, what is 4 + -11?
-4
In base 12, what is 5 + 24b7?
2500
In base 11, what is -7 - 74?
-80
In base 2, what is 11100110110 + -10?
11100110100
In base 12, what is 6 - -3b4?
3ba
In base 5, what is 410010 - -1?
410011
In base 3, what is -2020 - -10?
-2010
In base 8, what is 2 - -1335?
1337
In base 6, what is 154 + 2?
200
In base 11, what is 4 + 720?
724
In base 5, what is -1212 + -33?
-1300
In base 7, what is 121 - 330?
-206
In base 11, what is -3 + 8a?
87
In base 11, what is -631 - -2?
-62a
In base 11, what is 1126 + 0?
1126
In base 16, what is 1 + ea?
eb
In base 4, what is 11 - 0?
11
In base 10, what is 20 - 31?
-11
In base 5, what is -10 - -443?
433
In base 7, what is -14 + -32?
-46
In base 14, what is -1 + 1?
0
In base 15, what is -2a + -1?
-2b
In base 13, what is -1bb5 - -4?
-1bb1
In base 7, what is 415 - -4?
422
In base 11, what is 6a - 11?
59
In base 13, what is -c + -11b?
-12a
In base 12, what is 15 - -3?
18
In base 9, what is -3 + 46?
43
In base 5, what is -10 - -1010?
1000
In base 8, what is 12 + -23?
-11
In base 2, what is -1100 - 1100100101?
-1100110001
In base 8, what is -23 - 10?
-33
In base 9, what is -5 - -243?
237
In base 9, what is 12 - 825?
-813
In base 3, what is 21202210 - -2?
21202212
In base 9, what is 4254 + 5?
4260
In base 11, what is -4 - 28?
-31
In base 13, what is -30 + 5?
-28
In base 15, what is 70c + 1?
70d
In base 11, what is 12a - 91?
49
In base 11, what is 2 + 101?
103
In base 9, what is -165 + -3?
-168
In base 8, what is -5 + 16?
11
In base 16, what is 21 - -4d?
6e
In base 9, what is 1456 + 2?
1458
In base 6, what is 13 + 430?
443
In base 8, what is 126 + 0?
126
In base 4, what is 122 - 2310?
-2122
In base 14, what is -1 + 428?
427
In base 13, what is -8 - 24?
-2c
In base 8, what is 32777 - -1?
33000
In base 4, what is -112122 - -12?
-112110
In base 5, what is 1023 - 1014?
4
In base 4, what is -11 + -20331?
-21002
In base 10, what is -1 - 2639?
-2640
In base 13, what is 12 + -7c?
-6a
In base 9, what is 10 + -5?
4
In base 16, what is -a + 106?
fc
In base 15, what is 2 + -75?
-73
In base 2, what is 111010 + -101?
110101
In base 4, what is 31223000 - -3?
31223003
In base 14, what is -3 + -3331?
-3334
In base 15, what is -8 + -56?
-5e
In base 2, what is -11110 + 101?
-11001
In base 4, what is -120 + 31?
-23
In base 3, what is -1212202 - 12?
-1212221
In base 10, what is 2 + 68?
70
In base 13, what is 36 - -1?
37
In base 16, what is -3c - -18?
-24
In base 10, what is -54 - -5?
-49
In base 14, what is -d + -41?
-50
In base 8, what is -13 - 6?
-21
In base 4, what is -10 + -13031?
-13101
In base 10, what is 269 - -25?
294
In base 10, what is -4 + -35?
-39
In base 5, what is 2 - 1234?
-1232
In base 16, what is -4 + 43?
3f
In base 14, what is 5 + 86c?
873
In base 14, what is -24 - -3?
-21
In base 10, what is -5 + 328?
323
In base 14, what is -20 + -1?
-21
In base 15, what is c - 4?
8
In base 11, what is -14407 + 2?
-14405
In base 7, what is -3351 + 5?
-3343
In base 6, what is 11 - -213?
224
In base 15, what is 41 + 4?
45
In base 8, what is 1 + -10470?
-10467
In base 5, what is -2 + -130?
-132
In base 8, what is 25 - 426?
-401
In base 11, what is -118 + -13?
-130
In base 16, what is -10 - -b9?
a9
In base 14, what is 2 - 420?
-41c
In base 8, what is -3 + 22?
17
In base 13, what is 2 - -84?
86
In base 5, what is 2 + -34334?
-34332
In base 14, what is -a - 126c?
-1278
In base 5, what is 3143 - -10?
3203
In base 4, what is 10 - 132?
-122
In base 16, what is f1d - 0?
f1d
In base 15, what is -15 + 25?
10
In base 8, what is 4 + -137?
-133
In base 16, what is -9d - 6?
-a3
In base 16, what is 1c - 5d?
-41
In base 6, what is 1011 - 2?
1005
In base 13, what is -7a + -24?
-a1
In base 15, what is 12d - 1?
12c
In base 8, what is 75 - -76?
173
In base 7, what is -2 - -4530?
4525
In base 16, what is 1 - -d2f?
d30
In base 13, what is -4 + 7b?
77
In base 11, what is -3802 + 4?
-37a9
In base 6, what is 5 - -4314?
4323
In base 2, what is 11 + 11011110?
11100001
In base 5, what is 24040 + -1?
24034
In base 2, what is -101 - -1100010?
1011101
In base 15, what is 337 - 5?
332
In base 2, what is 100001 - -1001010?
1101011
In base 16, what is -4 + 10e?
10a
In base 14, what is -1 + 1d2?
1d1
In base 4, what is -322 + 210?
-112
In base 13, what is 3 - 42?
-3c
In base 14, what is 122 - c?
114
In base 4, what is 2122220 - -10?
2122230
In base 9, what is 2422 - -4?
2426
In base 9, what is 32 + -1408?
-1366
In base 15, what is -31 - -6?
-2a
In base 16, what is -a + 76?
6c
In base 16, what is 15 + 1f6?
20b
In base 8, what is 3 - 5405?
-5402
In base 16, what is -c - -e2?
d6
In base 8, what is 37622 - -3?
37625
In base 8, what is 12 - 24?
-12
In base 8, what is -161 - 27?
-210
In base 4, what is 1133112 + 2?
1133120
In base 3, what is 211111 - 100?
211011
In base 4, what is 1 + -1002?
-1001
In base 10, what is 2 + -499?
-497
In base 3, what is -20 + 22022?
22002
In base 11, what is -3 + -489?
-491
In base 5, what is -11044 + -4?
-11103
In base 8, what is -64 + -24?
-110
In base 9, what is -12072 - -4?
-12067
In base 14, what is ba - 28?
92
In base 9, what is -53 - -164?
111
In base 14, what is -2 - -164?
162
In base 4, what is 233 - -2331?
3230
In base 9, what is 1127 - -2?
1130
In base 2, what is -10010100000 + -1?
-10010100001
In base 8, what is -34 - -772?
736
In base 12, what is -13 + 7?
-8
In base 7, what is 0 + 0?
0
In base 2, what is 11 + 111010?
111101
In base 12, what is 1 - -6?
7
In base 13, what is -1 - 87a?
-87b
In base 8, what is -211 + -10?
-221
In b